{"id":21921,"date":"2026-03-26T22:36:02","date_gmt":"2026-03-26T21:36:02","guid":{"rendered":"https:\/\/leskoranen.no\/?post_type=product&#038;p=21921"},"modified":"2026-04-11T22:28:27","modified_gmt":"2026-04-11T20:28:27","slug":"koranen-pa-norsk","status":"publish","type":"product","link":"https:\/\/leskoranen.no\/koran\/produkt\/koranen-pa-norsk\/","title":{"rendered":"Koranen p\u00e5 norsk, Premium St\u00f8rrelse"},"content":{"rendered":"<p>&nbsp;<\/p>\n<div>\n<h1><strong>KORANEN \u2013 Norsk Oversettelse med Kommentarer<\/strong><\/h1>\n<div>Utgiver: ICC Forlag \u2013 Islamic Cultural Centre Norway<\/div>\n<p><strong>Basert p\u00e5 innsikter fra Tafheem\u2011ul\u2011Quran av Sayyid Abul Ala Maududi<\/strong><br \/>\n<strong>Innbundet \u2013 1517 sider,<br \/>\nSt\u00f8rrelse: 18cm X 25cm<\/strong><\/p>\n<h2><strong>Produktbeskrivelse<\/strong><\/h2>\n<p>Denne utgaven av <em>Koranen<\/em> er en komplett norsk oversettelse med forklarende kommentarer som hjelper leseren \u00e5 forst\u00e5 budskapet i dybden. Kommentarene er inspirert av <em>Tafheem\u2011ul\u2011Quran<\/em> av Sayyid Abul Ala Maududi \u2013 et av de mest anerkjente og tilgjengelige verkene for \u00e5 forst\u00e5 Koranens kontekst, visdom og praktiske veiledning.<\/p>\n<p>Boken er utformet i et vakkert og solid innbundet format, dekorert med tradisjonelle islamske m\u00f8nstre. Den passer perfekt hjemme, i mosk\u00e9er, til undervisning eller som gave.<\/p>\n<p>&nbsp;<\/p>\n<h2><strong>Hva inneholder boken?<\/strong><\/h2>\n<ul>\n<li>Full norsk oversettelse av hele Koranen<\/li>\n<li>Korte, presise og dyptg\u00e5ende forklaringer inspirert av <strong>Tafheem\u2011ul\u2011Quran<\/strong><\/li>\n<li>Klargj\u00f8ring av kontekst (asb\u0101b an\u2011nuz\u016bl) ved viktige vers<\/li>\n<li>Forklaringer av budskap, lovverk og moralske retningslinjer<\/li>\n<li>Forenklinger som gj\u00f8r teksten lett \u00e5 forst\u00e5 for b\u00e5de nye og erfarne lesere<\/li>\n<li>Systematisk oppdeling av surer og tematikker<\/li>\n<li>H\u00f8y trykkekvalitet og tydelig typografi<\/li>\n<\/ul>\n<\/div>\n","protected":false},"excerpt":{"rendered":"<p>&nbsp; KORANEN \u2013 Norsk Oversettelse med Kommentarer Utgiver: ICC Forlag \u2013 Islamic Cultural Centre Norway Basert p\u00e5 innsikter fra Tafheem\u2011ul\u2011Quran&#8230;<\/p>\n","protected":false},"featured_media":21926,"template":"","meta":[],"product_brand":[],"product_cat":[480],"product_tag":[481,483,482],"class_list":{"0":"post-21921","1":"product","2":"type-product","3":"status-publish","4":"has-post-thumbnail","6":"product_cat-koran","7":"product_tag-koran","8":"product_tag-koran-pa-norsk","9":"product_tag-quran","11":"first","12":"instock","13":"shipping-taxable","14":"purchasable","15":"product-type-simple"},"_links":{"self":[{"href":"https:\/\/leskoranen.no\/koran\/wp-json\/wp\/v2\/product\/21921","targetHints":{"allow":["GET"]}}],"collection":[{"href":"https:\/\/leskoranen.no\/koran\/wp-json\/wp\/v2\/product"}],"about":[{"href":"https:\/\/leskoranen.no\/koran\/wp-json\/wp\/v2\/types\/product"}],"wp:featuredmedia":[{"embeddable":true,"href":"https:\/\/leskoranen.no\/koran\/wp-json\/wp\/v2\/media\/21926"}],"wp:attachment":[{"href":"https:\/\/leskoranen.no\/koran\/wp-json\/wp\/v2\/media?parent=21921"}],"wp:term":[{"taxonomy":"product_brand","embeddable":true,"href":"https:\/\/leskoranen.no\/koran\/wp-json\/wp\/v2\/product_brand?post=21921"},{"taxonomy":"product_cat","embeddable":true,"href":"https:\/\/leskoranen.no\/koran\/wp-json\/wp\/v2\/product_cat?post=21921"},{"taxonomy":"product_tag","embeddable":true,"href":"https:\/\/leskoranen.no\/koran\/wp-json\/wp\/v2\/product_tag?post=21921"}],"curies":[{"name":"wp","href":"https:\/\/api.w.org\/{rel}","templated":true}]}}